ose 0 = -7*f + 334 + 121. Calculate the highest common factor of f and 1365.
65
Let p(a) = a**2 - 3*a + 7. Let l be p(9). Let x = -36 + l. Let b = 10 + x. What is the highest common factor of b and 7?
7
Suppose o + 9 = -2*o. Let a be 6/(-3 - 0) - o. Let y be (-9 + 0)/(a + -2). What is the highest common factor of y and 27?
9
Suppose -201*g = -204*g + 57. Calculate the greatest common factor of g and 133.
19
Let p(h) be the first derivative of h**4/4 - 5*h**3/3 + 3*h**2/2 + 2*h + 5. Let i be p(5). Calculate the highest common factor of 153 and i.
17
Let p(j) = 2*j - 3. Let q(r) = -r**2 - 4*r + 6. Let i be q(-5). Let m be i + 1/(-1) - -8. Let a be p(m). Calculate the greatest common divisor of a and 26.
13
Suppose -2 = 5*v - 12. Suppose -r - 22 = -v*r. Calculate the highest common divisor of r and 2.
2
Let s be (-4*10/25)/((-4)/10). Suppose -5*r + 42 = 4*c, 0 = 5*c + 4*r - 5*r - 38. Suppose -s*x + 0 = -c. Calculate the greatest common divisor of 5 and x.
1
Let p(o) = -13*o**2 - 805*o + 71. Let a be p(-62). Let i = 0 - -1. Calculate the greatest common factor of i and a.
1
Let a = 186 + -150. Calculate the greatest common divisor of 8 and a.
4
Let i = -387 - -522. Suppose 2*v - 7 + 3 = 0. Suppose 0*u - 108 = -v*u. What is the greatest common divisor of i and u?
27
Suppose 55*i - 56*i + 7 = 0. Calculate the greatest common factor of i and 70.
7
Let v = -1537 - -3988. What is the highest common divisor of 43 and v?
43
Let w be ((-7)/((-42)/(-24)))/(4/(-110)). Suppose 0*v - w = -2*v. Calculate the highest common divisor of 5 and v.
5
Let p be ((-100)/(-6))/(13/156). Calculate the greatest common factor of p and 16.
8
Let n(d) = d**2 - 20*d - 109. Let l be n(27). Calculate the greatest common factor of 16 and l.
16
Let z be (-5)/15 + (-522)/(-27). What is the greatest common factor of 304 and z?
19
Let q = 339 + -299. Calculate the highest common factor of 50 and q.
10
Let q be (-37)/5 - 12/(-30). Let h be 11 + q + (-5 - 0). Let u be h/(-1 + 2) + 56. Calculate the greatest common factor of u and 22.
11
Let d(j) = j**2 + 10*j + 9. Let n be d(-6). Suppose -h + 2*z + 42 = 0, 3*z = 4*h + 74 - 217. Let l = h + n. Calculate the highest common divisor of l and 153.
17
Let f = 1 - -7. Suppose 4*s - 1920 = -f*s. Calculate the highest common factor of 32 and s.
32
Let z = 1339 - 625. What is the highest common divisor of z and 34?
34
Suppose -3*g = 0, -4*u - g + 26 + 46 = 0. Calculate the highest common divisor of 90 and u.
18
Suppose 3*r - 13 = 7*b - 3*b, -5*r + 41 = 3*b. Calculate the greatest common divisor of r and 623.
7
Let s(u) = -u**2 + 8*u + 15. Let h be s(10). Let q = h + 19. Calculate the highest common divisor of 21 and q.
7
Let d = -121 - -205. Suppose -15 = -j + d. Calculate the greatest common divisor of j and 11.
11
Let a be (168*(4 - 5))/((-6)/4). What is the highest common factor of a and 84?
28
Suppose a + 0 = 6. Let p be (-12)/a*3/(-2). Let g(f) = 3*f**2 + f - 3. Let w be g(-3). What is the greatest common divisor of w and p?
3
Suppose 0 = -2*r - 2*r + 16. Suppose -3*v = 3*f - 54, r*v - 4*f = 13 + 67. What is the greatest common divisor of v and 57?
19
Let f be (162/30)/((-9)/(-150)). What is the highest common divisor of 10 and f?
10
Let g(q) = q**2 + 16*q + 41. Let v be g(-13). Let t be (-1503)/(-6) + (-5)/v. What is the greatest common divisor of 31 and t?
31
Let k be 4/(-6)*3/(-2). Let q(d) = 17*d - 1. Let h be q(k). Let g(u) = 196*u - 656. Let i be g(4). What is the greatest common divisor of i and h?
16
Let t = -3 - -699. What is the greatest common factor of 48 and t?
24
Let f = 84 - 60. Calculate the greatest common factor of f and 204.
12
Let c = -375 + 431. Calculate the highest common factor of c and 16.
8
Suppose 6*m + 6*m = 156. Suppose -m = -y + 3. Calculate the highest common factor of y and 56.
8
Let n(f) = 196*f**2 - 3*f + 2. Let r be n(1). Calculate the greatest common divisor of 39 and r.
39
Let l = 5 + 18. Suppose -l = -3*q - 2*y + 4*y, -4*y = 5*q - 75. Calculate the greatest common factor of 55 and q.
11
Let g be (-2)/(-2)*-2 - -67. Let s = g + -43. Let t(m) = -2*m**3 + 33*m**2 - 41*m + 50. Let j be t(15). Calculate the greatest common factor of j and s.
22
Let h be (-33)/((-1)/((-333)/(-27))). Calculate the highest common divisor of 74 and h.
37
Suppose -7 = -4*g - 15. Let u(j) = -j**3 - 2*j - 1. Let a be u(g). Let q = a + -10. What is the highest common divisor of 8 and q?
1
Suppose 2*o + 246 = 3*c - c, -468 = -4*c - 4*o. Let k be (-15)/10 + 2 + 94/4. Calculate the highest common divisor of c and k.
24
Suppose 56 + 88 = 18*q. What is the greatest common factor of q and 512?
8
Let y be ((-48)/(-20))/(4 + (-338)/85). Let q = 178 - 110. Calculate the highest common divisor of y and q.
34
Let v = 1939 + -844. Calculate the highest common factor of 15 and v.
15
Let t(o) = o**3 - 13*o**2 + 2*o - 25. Let u be t(13). Suppose -2*f = q - 8 - 0, 5*f = 0. Calculate the greatest common factor of u and q.
1
Let q(v) = 5*v + 3. Let i be q(9). Calculate the greatest common divisor of i and 3.
3
Suppose 4*q - 281 = 31. Calculate the greatest common factor of 130 and q.
26
Let l = 236 - 132. What is the highest common divisor of l and 91?
13
Let f be (-6)/(-3) + (4 - 3). Let y be f - (0 + -1 - 2). What is the greatest common factor of y and 4?
2
Let i be (-66)/363 - (1 + 237/(-33)). Suppose 0*c + 42 = c. Calculate the greatest common divisor of c and i.
6
Let g(h) = -h**3 - 9*h**2 - 3*h + 21. Let u(l) = -l**2 + l - 9. Let z be u(0). Let x be g(z). What is the greatest common divisor of 36 and x?
12
Let x = -75 - -83. What is the greatest common factor of 1 and x?
1
Let r(x) = -x**2 + 144. Let c be (-1)/5 - (-48)/40 - 1. Let g be r(c). What is the highest common divisor of g and 32?
16
Suppose 43*y = -68 + 584. Calculate the highest common factor of 276 and y.
12
Let k = 0 - -33. Suppose -9*t + 5*t + 60 = 0. Suppose 37 = 2*b + t. Calculate the greatest common divisor of k and b.
11
Let j be 16/6 + (-4)/(-12). Suppose -i = -4*m + 2*m + 6, -j*i = -12. Suppose -29 = 4*t - 209. Calculate the highest common factor of t and m.
5
Suppose 14*y - 5887 = -15*y. What is the highest common factor of 58 and y?
29
Let l(f) = 5*f. Let u be l(-6). Let m = -29 - u. Suppose 164 = g - m. What is the highest common factor of g and 33?
33
Let a = 175 - 97. Suppose 18*w = 16*w + 78. What is the highest common divisor of w and a?
39
Suppose 3*u = -0*u + 24. Let p be 2/(-8) - (-34)/u. What is the greatest common factor of p and 6?
2
Let p = 170 - 161. What is the greatest common factor of 45 and p?
9
Suppose -11*y + 313 + 842 = 0. Suppose -5*h - 2*b = -75, -2*h - 6*b + b + 30 = 0. Calculate the highest common factor of y and h.
15
Let g = -297 + 314. Calculate the highest common divisor of 51 and g.
17
Let x(o) = o**3 + o**2 - o + 3. Let t be x(-4). Let b = -1 - t. Calculate the greatest common divisor of 16 and b.
8
Let r(b) = b + 7. Let q be r(13). Suppose 5*s = -3*o - 18 - 90, 3*o - 84 = 3*s. Let g be (-2)/8 + (-1206)/s. Calculate the greatest common divisor of g and q.
10
Let n(x) = 5*x**2 + 16*x - 98. Let k be n(4). Calculate the greatest common divisor of 46 and k.
46
Let u(i) = 4*i**2 - 8*i - 4. Let f be u(6). Let t = -1 + 24. What is the greatest common factor of f and t?
23
Suppose 6*p - 7 = -p. Let h be (-1)/(p/60*-1). Calculate the highest common divisor of 15 and h.
15
Let r be 22/(-33) - (-20)/(-6). Let i be 5/(r - 1) - -25. What is the highest common divisor of i and 8?
8
Let h be (-11)/(1/1)*(0 + -2). Let i be 45 + (14 - 15 - 0/(-1)). Calculate the highest common factor of h and i.
22
Let p be 144 - (-2 + 9 + -1). Calculate the highest common factor of 1794 and p.
138
Suppose -28*o + 24*o = -48. Let g(b) = -b**3 + 11*b**2 + 17*b + 6. Let c be g(o). Suppose -4*l + c = -174. Calculate the greatest common factor of 40 and l.
20
Let t be (-1)/(-3 + 4)*-2. Let g be 64/((-2)/(t - 3)). Calculate the greatest common factor of 8 and g.
8
Let v be ((-1672)/114)/(4/(-3)). Calculate the highest common divisor of 121 and v.
11
Let g(f) = 7*f + 277. Let w be g(-19). Calculate the highest common divisor of 64 and w.
16
Let c be -218 + 6/24*0. Suppose 128 = -2*n - 182. Let o = n - c. Calculate the highest common divisor of 21 and o.
21
Let j = -736 - -1081